True
Does 1599 divide 37638861?
True
Is 54453593 a multiple of 8?
False
Does 412 divide 161677040?
True
Does 2283 divide 40182762?
False
Is 1147184 a multiple of 28?
False
Is 13 a factor of 5803153?
False
Is 6 a factor of 16032618?
True
Is 529 a factor of 190619860?
True
Is 156 a factor of 554374989?
False
Is 917802 a multiple of 18?
True
Is 541 a factor of 86918297?
False
Is 47 a factor of 61565838?
False
Is 9 a factor of 57400803?
True
Is 589496408 a multiple of 70?
False
Is 138646856 a multiple of 8?
True
Is 304 a factor of 938614592?
True
Does 14 divide 5253822?
True
Does 27 divide 788974426?
False
Does 3679 divide 4218999941?
True
Does 163 divide 542425829?
False
Is 1417 a factor of 68325838?
False
Is 16078661 a multiple of 294?
False
Is 63209533 a multiple of 1418?
False
Is 710890554 a multiple of 451?
True
Is 3269 a factor of 57557283?
True
Does 10 divide 2968828482?
False
Is 5 a factor of 792209860?
True
Is 879 a factor of 302376879?
True
Is 173440559 a multiple of 192?
False
Is 229581126 a multiple of 597?
True
Does 1592 divide 23183295?
False
Is 33266942 a multiple of 533?
False
Does 56 divide 35650522?
False
Is 11 a factor of 476242569?
True
Is 5728499 a multiple of 917?
True
Is 229 a factor of 108550769?
False
Is 314 a factor of 2422698504?
False
Is 12 a factor of 510242581?
False
Does 2160 divide 59304960?
True
Is 875187780 a multiple of 15?
True
Does 13 divide 14132937?
True
Is 473 a factor of 124425961?
True
Is 1520540352 a multiple of 52?
False
Does 63 divide 471386412?
True
Does 276 divide 18591636?
True
Does 15175 divide 4806134950?
True
Is 58210040 a multiple of 70?
True
Does 9 divide 13064695?
False
Is 847542477 a multiple of 1912?
False
Does 398 divide 1667809846?
True
Is 499 a factor of 1011465515?
True
Is 184593046 even?
True
Does 26 divide 43306400?
False
Is 1628 a factor of 31816471?
False
Does 6145 divide 1717767155?
True
Is 146 a factor of 1168974338?
False
Does 9 divide 588161466?
True
Does 7 divide 7133042?
True
Is 4696 a factor of 1730550383?
False
Does 44 divide 2271652?
False
Is 516 a factor of 426612288?
True
Is 29 a factor of 250662631?
True
Is 1105 a factor of 123976580?
True
Is 29283163 a multiple of 2093?
True
Is 1389020 a multiple of 142?
False
Does 12 divide 1778910492?
True
Does 4 divide 55390837?
False
Does 700 divide 24976093?
False
Is 956770860 a multiple of 30?
True
Is 3508090 a multiple of 10?
True
Is 8 a factor of 30007968?
True
Is 113 a factor of 332007334?
True
Is 35959350 a multiple of 138?
True
Does 461 divide 38448783?
True
Is 47 a factor of 1911903036?
True
Is 150166400 a multiple of 6?
False
Does 1671 divide 19808149?
False
Is 39923254 a multiple of 245?
False
Is 5347938 a multiple of 104?
False
Does 2004 divide 78476640?
True
Is 18495378 a multiple of 162?
True
Is 7039402586 a multiple of 943?
True
Is 588757764 a multiple of 125?
False
Is 38809555 a multiple of 111?
False
Is 8970956 a multiple of 14?
False
Does 13 divide 13595192?
True
Is 584497026 a multiple of 1737?
True
Is 3550 a factor of 1276706?
False
Does 801 divide 710743320?
True
Does 12 divide 9531318?
False
Does 25 divide 2316389175?
True
Does 115 divide 1550767930?
False
Is 3260806369 a multiple of 8389?
False
Is 306 a factor of 1305526968?
True
Does 2582 divide 75012264?
True
Does 35 divide 20594840?
True
Is 155 a factor of 589440975?
True
Does 53 divide 265304273?
True
Is 363759154 a multiple of 126?
False
Is 126 a factor of 157874498?
False
Does 6161 divide 2687295669?
False
Does 51 divide 30235962?
True
Is 12535435 a multiple of 70?
False
Is 267955009 a multiple of 7?
True
Is 81 a factor of 277024131?
True
Is 29 a factor of 34744929?
True
Is 25 a factor of 2311429?
False
Is 151 a factor of 39051167?
True
Does 1792 divide 10132098?
False
Is 17 a factor of 394480206?
True
Is 627941 a multiple of 21?
False
Does 72 divide 472855824?
True
Is 584 a factor of 669935016?
True
Does 17 divide 549523912?
True
Does 9 divide 128039755?
False
Does 11 divide 40139810?
False
Is 2 a factor of 187742196?
True
Is 192621879 a multiple of 23?
False
Is 225939008 a multiple of 64?
True
Does 7 divide 112212938?
False
Is 20 a factor of 2456504766?
False
Does 14 divide 24933025?
False
Does 168 divide 274064900?
False
Is 5494 a factor of 613773198?
True
Is 2134 a factor of 103207687?
False
Is 68 a factor of 697618052?
True
Does 21 divide 91815383?
False
Is 1428635386 a multiple of 2523?
False
Is 59 a factor of 45210102?
False
Does 16 divide 78332528?
True
Is 710 a factor of 28000270?
True
Is 1161751922 a multiple of 47?
True
Is 2127 a factor of 514191615?
True
Does 92 divide 33308784?
True
Is 5419246 a multiple of 34?
False
Is 53045076 a multiple of 42?
True
Is 10920162 a multiple of 68?
False
Is 47913120 a multiple of 10?
True
Is 117287040 a multiple of 3552?
True
Is 375029 a multiple of 12?
False
Does 4 divide 299546580?
True
Does 55 divide 17938360?
True
Is 99904642 a multiple of 24?
False
Does 193 divide 23462817?
True
Is 27 a factor of 24087166?
False
Does 21 divide 11334015?
True
Is 369257090 a multiple of 3808?
False
Is 5092158 a multiple of 8?
False
Is 102 a factor of 28144248?
True
Does 23 divide 235631757?
True
Does 352 divide 26158803?
False
Does 32 divide 3833411584?
True
Is 1458970569 a multiple of 1739?
True
Is 63 a factor of 40190226?
False
Is 1621016089 a multiple of 79?
True
Does 1318 divide 2657652104?
True
Is 6177714694 a multiple of 13?
False
Is 4163727433 a multiple of 31?
False
Does 135 divide 215547480?
True
Does 26 divide 6943982?
False
Is 59 a factor of 46860394?
False
Is 1310 a factor of 286954773?
False
Is 1990160074 a multiple of 84?
False
Is 47652044 a multiple of 19?
False
Is 4597 a factor of 550466274?
False
Is 821270638 a multiple of 6?
False
Is 12 a factor of 1178540?
False
Does 17 divide 143996766?
True
Does 32 divide 185771792?
False
Does 65 divide 157010165?
True
Is 207 a factor of 79699554?
True
Is 40 a factor of 491426969?
False
Does 6 divide 30954594?
True
Is 171 a factor of 7799994?
True
Is 8305296 even?
True
Is 563481501 a multiple of 2239?
False
Is 27 a factor of 6065442?
True
Is 214 a factor of 335987?
False
Is 3958289379 a multiple of 291?
True
Does 92 divide 1034009?
False
Is 104 a factor of 1194876904?
True
Is 14316750 a multiple of 1125?
True
Is 12050099 a multiple of 17?
False
Is 19 a factor of 162645586?
True
Does 7 divide 22336648?
False
Is 8234 a factor of 1949835902?
True
Is 85410692 a multiple of 588?
False
Is 95450736 a multiple of 552?
True
Does 236 divide 1237525000?
True
Is 447238 a multiple of 4?
False
Is 248 a factor of 182722680?
True
Is 3820 a factor of 1049166820?
True
Does 700 divide 3717000?
True
Does 441 divide 25440640?
False
Is 16 a factor of 1825220891?
False
Is 8184636 a multiple of 101?
True
Does 34 divide 1901706?
False
Is 13 a factor of 25718641?
True
Is 1148088373 a multiple of 4409?
False
Is 46855949 a multiple of 6?
False
Is 244 a factor of 101752636?
True
Does 52 divide 212556001?
False
Is 28404075 a multiple of 352?
False
Is 1666 a factor of 1635331674?
False
Is 10 a factor of 28364366?
False
Is 2137803 a multiple of 12?
False
Is 387 a factor of 716263857?
True
Is 205839328 a multiple of 736?
True
Does 22 divide 2476359776?
True
Is 35965833 a multiple of 229?
False
Is 412574930 a multiple of 2375?
False
Is 388923870 a multiple of 1770?
True
Does 2657 divide 132711836?
True
Does 53 divide 7707839?
False
Does 1034 divide 659857599?
False
Is 304068083 a multiple of 46?
False
Is 3561308 a multiple of 3?
False
Is 196922700 a multiple of 13?
True
Does 91 divide 80327686?
False
Is 78 a factor of 192265320?
True
Is 30 a factor of 1304935920?
True
Is 3981 a factor of 169542828?
True
Is 49508858 a multiple of 29?
True
Does 23 divide 1259172518?
False
Is 24526800 a multiple of 45?
True
Is 778 a factor of 68607930?
True
Does 60 divide 16028340?
True
Does 29 divide 59379511?
False
Is 48 a factor of 685597329?
False
Does 845 divide 1180945096?
False
Is 31831419 a multiple of 94?
False
Is 3309 a factor of 37441335?
True
Does 40 divide 7593239?
False
Is 1120 a factor of 1257802560?
True
Is 312363543 a multiple of 11?
False
Is 872578554 a multiple of 69?
True
Does 24 divide 69670389?
False
Is 1624 a factor of 163512440?
True
Is 36 a factor of 92442685?
False
Is 267005703 a multiple of 94